ors of 2661.
3, 887
What are the prime factors of 386?
2, 193
What are the prime factors of 2219?
7, 317
What are the prime factors of 1284?
2, 3, 107
List the prime factors of 11547.
3, 1283
List the prime factors of 1732.
2, 433
List the prime factors of 41980.
2, 5, 2099
What are the prime factors of 9902?
2, 4951
What are the prime factors of 929?
929
What are the prime factors of 6957?
3, 773
What are the prime factors of 44706?
2, 3, 7451
What are the prime factors of 14298?
2, 3, 2383
What are the prime factors of 12272?
2, 13, 59
List the prime factors of 78976.
2, 617
What are the prime factors of 11245?
5, 13, 173
List the prime factors of 4525.
5, 181
List the prime factors of 517.
11, 47
List the prime factors of 11534.
2, 73, 79
What are the prime factors of 1287?
3, 11, 13
List the prime factors of 541.
541
What are the prime factors of 33535?
5, 19, 353
What are the prime factors of 137499?
3, 45833
List the prime factors of 35753.
35753
List the prime factors of 512.
2
What are the prime factors of 1583?
1583
List the prime factors of 1304.
2, 163
List the prime factors of 1380.
2, 3, 5, 23
What are the prime factors of 2754?
2, 3, 17
List the prime factors of 1885.
5, 13, 29
What are the prime factors of 78638?
2, 7, 41, 137
List the prime factors of 9122.
2, 4561
List the prime factors of 6747.
3, 13, 173
What are the prime factors of 1287?
3, 11, 13
What are the prime factors of 3442?
2, 1721
What are the prime factors of 2376?
2, 3, 11
What are the prime factors of 2165?
5, 433
List the prime factors of 539.
7, 11
What are the prime factors of 4903?
4903
What are the prime factors of 6529?
6529
List the prime factors of 5832.
2, 3
List the prime factors of 5116.
2, 1279
List the prime factors of 2416.
2, 151
What are the prime factors of 6322?
2, 29, 109
List the prime factors of 108836.
2, 7, 13, 23
List the prime factors of 8351.
7, 1193
List the prime factors of 2067.
3, 13, 53
List the prime factors of 79458.
2, 3, 17, 19, 41
What are the prime factors of 1092?
2, 3, 7, 13
List the prime factors of 58923.
3, 6547
List the prime factors of 577.
577
What are the prime factors of 946?
2, 11, 43
What are the prime factors of 1194?
2, 3, 199
List the prime factors of 3116.
2, 19, 41
What are the prime factors of 35842?
2, 17921
List the prime factors of 845.
5, 13
List the prime factors of 5568.
2, 3, 29
List the prime factors of 469.
7, 67
List the prime factors of 46249.
7, 6607
What are the prime factors of 15647?
15647
What are the prime factors of 132201?
3, 37, 397
What are the prime factors of 165039?
3, 7, 29, 271
List the prime factors of 14600.
2, 5, 73
List the prime factors of 29570.
2, 5, 2957
What are the prime factors of 1433?
1433
List the prime factors of 3018.
2, 3, 503
List the prime factors of 9251.
11, 29
What are the prime factors of 7614?
2, 3, 47
List the prime factors of 1307.
1307
What are the prime factors of 27955?
5, 5591
List the prime factors of 38972.
2, 9743
What are the prime factors of 23675?
5, 947
What are the prime factors of 109?
109
List the prime factors of 2018.
2, 1009
List the prime factors of 820.
2, 5, 41
What are the prime factors of 11082?
2, 3, 1847
What are the prime factors of 1835?
5, 367
What are the prime factors of 14261?
13, 1097
What are the prime factors of 1960?
2, 5, 7
List the prime factors of 4803.
3, 1601
List the prime factors of 991.
991
List the prime factors of 18.
2, 3
What are the prime factors of 1308?
2, 3, 109
What are the prime factors of 1394?
2, 17, 41
What are the prime factors of 7924?
2, 7, 283
List the prime factors of 27925.
5, 1117
What are the prime factors of 876?
2, 3, 73
List the prime factors of 27320.
2, 5, 683
What are the prime factors of 523?
523
List the prime factors of 1987.
1987
What are the prime factors of 100?
2, 5
List the prime factors of 7289.
37, 197
What are the prime factors of 32311?
79, 409
List the prime factors of 1459.
1459
What are the prime factors of 2944?
2, 23
What are the prime factors of 1884?
2, 3, 157
What are the prime factors of 72951?
3, 24317
What are the prime factors of 19566?
2, 3, 1087
List the prime factors of 1561.
7, 223
What are the prime factors of 55021?
55021
List the prime factors of 1024.
2
List the prime factors of 2681.
7, 383
List the prime factors of 47421.
3, 11, 479
What are the prime factors of 7785?
3, 5, 173
List the prime factors of 44711.
44711
What are the prime factors of 120681?
3, 11, 23, 53
What are the prime factors of 4529?
7, 647
What are the prime factors of 835?
5, 167
What are the prime factors of 7912?
2, 23, 43
What are the prime factors of 163480?
2, 5, 61, 67
What are the prime factors of 1405?
5, 281
What are the prime factors of 12442?
2, 6221
What are the prime factors of 2154?
2, 3, 359
List the prime factors of 9745.
5, 1949
What are the prime factors of 2810?
2, 5, 281
List the prime factors of 5496.
2, 3, 229
List the prime factors of 25006.
2, 12503
List the prime factors of 290.
2, 5, 29
What are the prime factors of 1372?
2, 7
What are the prime factors of 1500?
2, 3, 5
What are the prime factors of 11200?
2, 5, 7
What are the prime factors of 1658?
2, 829
What are the prime factors of 782?
2, 17, 23
What are the prime factors of 5690?
2, 5, 569
List the prime factors of 80113.
11, 7283
List the prime factors of 2338.
2, 7, 167
List the prime factors of 37147.
11, 307
What are the prime factors of 2108?
2, 17, 31
What are the prime factors of 141264?
2, 3, 109
What are the prime factors of 44103?
3, 61, 241
What are the prime factors of 104975?
5, 13, 17, 19
List the prime factors of 35872.
2, 19, 59
List the prime factors of 7511.
7, 29, 37
What are the prime factors of 173646?
2, 3, 11, 877
List the prime factors of 135788.
2, 83, 409
What are the prime factors of 7789?
7789
List the prime factors of 60673.
17, 43, 83
List the prime factors of 5455.
5, 1091
What are the prime factors of 12620?
2, 5, 631
What are the prime factors of 2038?
2, 1019
List the prime factors of 1230.
2, 3, 5, 41
List the prime factors of 82391.
47, 1753
List the prime factors of 6003.
3, 23, 29
List the prime factors of 59390.
2, 5, 5939
List the prime factors of 24208.
2, 17, 89
List the prime factors of 21618.
2, 3, 1201
What are the prime factors of 60775?
5, 11, 13, 17
What are the prime factors of 99965?
5, 19993
List the prime factors of 8201.
59, 139
List the prime factors of 6561.
3
What are the prime factors of 1507?
11, 137
List the prime factors of 5010.
2, 3, 5, 167
What are the prime factors of 153?
3, 17
List the prime factors of 16231.
16231
What are the prime factors of 1143?
3, 127
What are the prime factors of 119?
7, 17
List the prime factors of 2184.
2, 3, 7, 13
List the prime factors of 75151.
223, 337
What are the prime factors of 706?
2, 353
What are the prime factors of 4697?
7, 11, 61
What are the prime factors of 1876?
2, 7, 67
List the prime factors of 1505.
5, 7, 43
List the prime factors of 30064.
2, 1879
What are the prime factors of 8650?
2, 5, 173
List the prime factors of 32161.
29, 1109
List the prime factors of 2388.
2, 3, 199
List the prime factors of 2861.
2861
List the prime factors of 2913.
3, 971
List the prime factors of 625.
5
List the prime factors of 3608.
2, 11, 41
List the prime factors of 469.
7, 67
List the prime factors of 1271.
31, 41
List the prime factors of 147.
3, 7
List the prime factors of 638.
2, 11, 29
What are the prime factors of 55201?
55201
List the prime factors of 136.
2, 17
What are the prime factors of 21022?
2, 23, 457
List the prime factors of 26941.
29, 929
List the prime factors of 1453.
1453
What are the prime factors of 40905?
3, 5, 101
List the prime factors of 56058.
2, 3, 9343
What are the prime factors of 1486?
2, 743
List the prime factors of 45777.
3, 15259
List the prime factors of 25145.
5, 47, 107
List the prime factors of 123170.
2, 5, 109, 113
List the prime factors of 1845.
3, 5, 41
What are the prime factors of 84924?
2, 3, 7, 337
List the prime factors of 189.
3, 7
What are the prime factors of 914?
2, 457
What are the prime factors of 551?
19, 29
What are the prime factors of 2728?
2, 11, 31
What are the prime factors of 3966?
2, 3, 661
List the prime factors of 1889.
1889
What are the pr